[INFO] cloning repository https://github.com/gabrielbitencourt/roguelike-specs
[INFO] running `Command { std: "git" "-c" "credential.helper=" "-c" "credential.helper=/workspace/cargo-home/bin/git-credential-null" "clone" "--bare" "https://github.com/gabrielbitencourt/roguelike-specs" "/workspace/cache/git-repos/https%3A%2F%2Fgithub.com%2Fgabrielbitencourt%2Froguelike-specs", kill_on_drop: false }`
[INFO] [stderr] Cloning into bare repository '/workspace/cache/git-repos/https%3A%2F%2Fgithub.com%2Fgabrielbitencourt%2Froguelike-specs'...
[INFO] running `Command { std: "git" "rev-parse" "HEAD", kill_on_drop: false }`
[INFO] [stdout] e9e3f2e72bfc3c4983e258365e4be3eb29ceb57d
[INFO] building gabrielbitencourt/roguelike-specs against master#ff34b919075f35a1787659e9c448a34b06bab8de for issue-85264
[INFO] running `Command { std: "git" "clone" "/workspace/cache/git-repos/https%3A%2F%2Fgithub.com%2Fgabrielbitencourt%2Froguelike-specs" "/workspace/builds/worker-13/source", kill_on_drop: false }`
[INFO] [stderr] Cloning into '/workspace/builds/worker-13/source'...
[INFO] [stderr] done.
[INFO] validating manifest of git repo https://github.com/gabrielbitencourt/roguelike-specs on toolchain ff34b919075f35a1787659e9c448a34b06bab8de
[INFO] running `Command { std: "/workspace/cargo-home/bin/cargo" "+ff34b919075f35a1787659e9c448a34b06bab8de" "metadata" "--manifest-path" "Cargo.toml" "--no-deps", kill_on_drop: false }`
[INFO] removed /workspace/builds/worker-13/source/.cargo/config.toml
[INFO] removed /workspace/builds/worker-13/source/rust-toolchain
[INFO] started tweaking git repo https://github.com/gabrielbitencourt/roguelike-specs
[INFO] finished tweaking git repo https://github.com/gabrielbitencourt/roguelike-specs
[INFO] tweaked toml for git repo https://github.com/gabrielbitencourt/roguelike-specs written to /workspace/builds/worker-13/source/Cargo.toml
[INFO] crate git repo https://github.com/gabrielbitencourt/roguelike-specs already has a lockfile, it will not be regenerated
[INFO] running `Command { std: "/workspace/cargo-home/bin/cargo" "+ff34b919075f35a1787659e9c448a34b06bab8de" "fetch" "--manifest-path" "Cargo.toml", kill_on_drop: false }`
[INFO] [stderr]     Blocking waiting for file lock on package cache
[INFO] [stderr]     Blocking waiting for file lock on package cache
[INFO] running `Command { std: "docker" "create" "-v" "/var/lib/crater-agent-workspace/builds/worker-13/target:/opt/rustwide/target:rw,Z" "-v" "/var/lib/crater-agent-workspace/builds/worker-13/source:/opt/rustwide/workdir:ro,Z" "-v" "/var/lib/crater-agent-workspace/cargo-home:/opt/rustwide/cargo-home:ro,Z" "-v" "/var/lib/crater-agent-workspace/rustup-home:/opt/rustwide/rustup-home:ro,Z" "-e" "SOURCE_DIR=/opt/rustwide/workdir" "-e" "CARGO_TARGET_DIR=/opt/rustwide/target" "-e" "CARGO_HOME=/opt/rustwide/cargo-home" "-e" "RUSTUP_HOME=/opt/rustwide/rustup-home" "-w" "/opt/rustwide/workdir" "-m" "1610612736" "--user" "0:0" "--network" "none" "ghcr.io/rust-lang/crates-build-env/linux@sha256:20528e8c29e4536546f0102ce88568b16ea7538393a33fcca951030f7af10457" "/opt/rustwide/cargo-home/bin/cargo" "+ff34b919075f35a1787659e9c448a34b06bab8de" "metadata" "--no-deps" "--format-version=1", kill_on_drop: false }`
[INFO] [stdout] e4d72fb9f29b5625b97fc04f9baee12e9b4a767efecbca0cdb4b8972ba6377b3
[INFO] [stderr] WARNING: Your kernel does not support swap limit capabilities or the cgroup is not mounted. Memory limited without swap.
[INFO] running `Command { std: "docker" "start" "-a" "e4d72fb9f29b5625b97fc04f9baee12e9b4a767efecbca0cdb4b8972ba6377b3", kill_on_drop: false }`
[INFO] running `Command { std: "docker" "inspect" "e4d72fb9f29b5625b97fc04f9baee12e9b4a767efecbca0cdb4b8972ba6377b3", kill_on_drop: false }`
[INFO] running `Command { std: "docker" "rm" "-f" "e4d72fb9f29b5625b97fc04f9baee12e9b4a767efecbca0cdb4b8972ba6377b3", kill_on_drop: false }`
[INFO] [stdout] e4d72fb9f29b5625b97fc04f9baee12e9b4a767efecbca0cdb4b8972ba6377b3
[INFO] running `Command { std: "docker" "create" "-v" "/var/lib/crater-agent-workspace/builds/worker-13/target:/opt/rustwide/target:rw,Z" "-v" "/var/lib/crater-agent-workspace/builds/worker-13/source:/opt/rustwide/workdir:ro,Z" "-v" "/var/lib/crater-agent-workspace/cargo-home:/opt/rustwide/cargo-home:ro,Z" "-v" "/var/lib/crater-agent-workspace/rustup-home:/opt/rustwide/rustup-home:ro,Z" "-e" "SOURCE_DIR=/opt/rustwide/workdir" "-e" "CARGO_TARGET_DIR=/opt/rustwide/target" "-e" "CARGO_INCREMENTAL=0" "-e" "RUST_BACKTRACE=full" "-e" "RUSTFLAGS=--cap-lints=forbid" "-e" "CARGO_HOME=/opt/rustwide/cargo-home" "-e" "RUSTUP_HOME=/opt/rustwide/rustup-home" "-w" "/opt/rustwide/workdir" "-m" "1610612736" "--user" "0:0" "--network" "none" "ghcr.io/rust-lang/crates-build-env/linux@sha256:20528e8c29e4536546f0102ce88568b16ea7538393a33fcca951030f7af10457" "/opt/rustwide/cargo-home/bin/cargo" "+ff34b919075f35a1787659e9c448a34b06bab8de" "build" "--frozen" "--message-format=json", kill_on_drop: false }`
[INFO] [stdout] e337f4b46325d91181cc8407ca39cf817272be347b7161754c14627950b786ea
[INFO] [stderr] WARNING: Your kernel does not support swap limit capabilities or the cgroup is not mounted. Memory limited without swap.
[INFO] running `Command { std: "docker" "start" "-a" "e337f4b46325d91181cc8407ca39cf817272be347b7161754c14627950b786ea", kill_on_drop: false }`
[INFO] [stderr]    Compiling libc v0.2.77
[INFO] [stderr]    Compiling getrandom v0.1.15
[INFO] [stderr]    Compiling rand_core v0.5.1
[INFO] [stderr]    Compiling rand_chacha v0.2.2
[INFO] [stderr]    Compiling rand v0.7.3
[INFO] [stderr]    Compiling roguelike-specs v0.1.0 (/opt/rustwide/workdir)
[INFO] [stdout] error[E0433]: failed to resolve: use of undeclared crate or module `amethyst`
[INFO] [stdout]  --> src/main.rs:1:5
[INFO] [stdout]   |
[INFO] [stdout] 1 | use amethyst::{
[INFO] [stdout]   |     ^^^^^^^^ use of undeclared crate or module `amethyst`
[INFO] [stdout] 
[INFO] [stdout] 
[INFO] [stdout] error[E0433]: failed to resolve: use of undeclared crate or module `amethyst`
[INFO] [stdout]  --> src/components/position.rs:1:5
[INFO] [stdout]   |
[INFO] [stdout] 1 | use amethyst::ecs::{Component,VecStorage};
[INFO] [stdout]   |     ^^^^^^^^ use of undeclared crate or module `amethyst`
[INFO] [stdout] 
[INFO] [stdout] 
[INFO] [stdout] error[E0433]: failed to resolve: use of undeclared crate or module `amethyst`
[INFO] [stdout]  --> src/systems/moving.rs:2:5
[INFO] [stdout]   |
[INFO] [stdout] 2 | use amethyst::core::{Transform,SystemDesc,timing::Time};
[INFO] [stdout]   |     ^^^^^^^^ use of undeclared crate or module `amethyst`
[INFO] [stdout] 
[INFO] [stdout] 
[INFO] [stdout] error[E0433]: failed to resolve: use of undeclared crate or module `amethyst`
[INFO] [stdout]  --> src/systems/moving.rs:3:5
[INFO] [stdout]   |
[INFO] [stdout] 3 | use amethyst::derive::SystemDesc;
[INFO] [stdout]   |     ^^^^^^^^ use of undeclared crate or module `amethyst`
[INFO] [stdout] 
[INFO] [stdout] 
[INFO] [stdout] error[E0433]: failed to resolve: use of undeclared crate or module `amethyst`
[INFO] [stdout]  --> src/systems/moving.rs:4:5
[INFO] [stdout]   |
[INFO] [stdout] 4 | use amethyst::ecs::{Join,Read,ReadStorage,System,SystemData,World,WriteStorage};
[INFO] [stdout]   |     ^^^^^^^^ use of undeclared crate or module `amethyst`
[INFO] [stdout] 
[INFO] [stdout] 
[INFO] [stdout] error[E0433]: failed to resolve: use of undeclared crate or module `amethyst`
[INFO] [stdout]  --> src/systems/moving.rs:5:5
[INFO] [stdout]   |
[INFO] [stdout] 5 | use amethyst::input::{InputHandler,StringBindings};
[INFO] [stdout]   |     ^^^^^^^^ use of undeclared crate or module `amethyst`
[INFO] [stdout] 
[INFO] [stdout] 
[INFO] [stdout] error[E0433]: failed to resolve: use of undeclared crate or module `amethyst`
[INFO] [stdout]  --> src/state.rs:2:5
[INFO] [stdout]   |
[INFO] [stdout] 2 | use amethyst::{
[INFO] [stdout]   |     ^^^^^^^^ use of undeclared crate or module `amethyst`
[INFO] [stdout] 
[INFO] [stdout] 
[INFO] [stdout] error[E0433]: failed to resolve: use of undeclared crate or module `amethyst`
[INFO] [stdout]  --> src/components/input.rs:1:5
[INFO] [stdout]   |
[INFO] [stdout] 1 | use amethyst::ecs::{Component,VecStorage};
[INFO] [stdout]   |     ^^^^^^^^ use of undeclared crate or module `amethyst`
[INFO] [stdout] 
[INFO] [stdout] 
[INFO] [stdout] error[E0433]: failed to resolve: use of undeclared crate or module `amethyst`
[INFO] [stdout]  --> src/components/player.rs:1:5
[INFO] [stdout]   |
[INFO] [stdout] 1 | use amethyst::ecs::{Component,NullStorage};
[INFO] [stdout]   |     ^^^^^^^^ use of undeclared crate or module `amethyst`
[INFO] [stdout] 
[INFO] [stdout] 
[INFO] [stdout] error[E0432]: unresolved imports `amethyst::renderer::plugins::RenderFlat2D`, `amethyst::renderer::plugins::RenderToWindow`, `amethyst::renderer::types::DefaultBackend`, `amethyst::renderer::RenderingBundle`, `amethyst::input::InputBundle`, `amethyst::input::StringBindings`, `amethyst::utils::application_root_dir`, `amethyst::core::TransformBundle`, `crate::Player`, `crate::SCREEN_WIDTH`, `crate::SCREEN_HEIGHT`, `amethyst::assets::AssetStorage`, `amethyst::assets::Handle`, `amethyst::assets::Loader`, `amethyst::core::transform::Transform`, `amethyst::ecs::Component`, `amethyst::ecs::DenseVecStorage`, `amethyst::renderer::Camera`, `amethyst::renderer::ImageFormat`, `amethyst::renderer::SpriteRender`, `amethyst::renderer::SpriteSheet`, `amethyst::renderer::SpriteSheetFormat`, `amethyst::renderer::Texture`, `crate::Player`, `crate::SCREEN_HEIGHT`, `crate::SCREEN_WIDTH`
[INFO] [stdout]   --> src/main.rs:4:19
[INFO] [stdout]    |
[INFO] [stdout] 4  |         plugins::{RenderFlat2D, RenderToWindow},
[INFO] [stdout]    |                   ^^^^^^^^^^^^  ^^^^^^^^^^^^^^
[INFO] [stdout] 5  |         types::DefaultBackend,
[INFO] [stdout]    |         ^^^^^^^^^^^^^^^^^^^^^
[INFO] [stdout] 6  |         RenderingBundle,
[INFO] [stdout]    |         ^^^^^^^^^^^^^^^
[INFO] [stdout] 7  |     },
[INFO] [stdout] 8  |     input::{InputBundle, StringBindings},
[INFO] [stdout]    |             ^^^^^^^^^^^  ^^^^^^^^^^^^^^
[INFO] [stdout] 9  |     utils::application_root_dir,
[INFO] [stdout]    |     ^^^^^^^^^^^^^^^^^^^^^^^^^^^
[INFO] [stdout] 10 |     core::TransformBundle
[INFO] [stdout]    |     ^^^^^^^^^^^^^^^^^^^^^
[INFO] [stdout]    | 
[INFO] [stdout]   ::: src/state.rs:1:13
[INFO] [stdout]    |
[INFO] [stdout] 1  | use crate::{Player,SCREEN_WIDTH,SCREEN_HEIGHT};
[INFO] [stdout]    |             ^^^^^^ ^^^^^^^^^^^^ ^^^^^^^^^^^^^
[INFO] [stdout] 2  | use amethyst::{
[INFO] [stdout] 3  |     assets::{AssetStorage, Handle, Loader},
[INFO] [stdout]    |              ^^^^^^^^^^^^  ^^^^^^  ^^^^^^
[INFO] [stdout] 4  |     core::transform::Transform,
[INFO] [stdout]    |     ^^^^^^^^^^^^^^^^^^^^^^^^^^
[INFO] [stdout] 5  |     ecs::{Component, DenseVecStorage},
[INFO] [stdout]    |           ^^^^^^^^^  ^^^^^^^^^^^^^^^
[INFO] [stdout] 6  |     prelude::*,
[INFO] [stdout] 7  |     renderer::{Camera, ImageFormat, SpriteRender, SpriteSheet, SpriteSheetFormat, Texture},
[INFO] [stdout]    |                ^^^^^^  ^^^^^^^^^^^  ^^^^^^^^^^^^  ^^^^^^^^^^^  ^^^^^^^^^^^^^^^^^  ^^^^^^^
[INFO] [stdout]    | 
[INFO] [stdout]   ::: src/systems/moving.rs:1:13
[INFO] [stdout]    |
[INFO] [stdout] 1  | use crate::{Player,SCREEN_HEIGHT,SCREEN_WIDTH};
[INFO] [stdout]    |             ^^^^^^ ^^^^^^^^^^^^^ ^^^^^^^^^^^^
[INFO] [stdout] 
[INFO] [stdout] 
[INFO] [stdout] error[E0433]: failed to resolve: use of undeclared type `Transform`
[INFO] [stdout]   --> src/state.rs:17:29
[INFO] [stdout]    |
[INFO] [stdout] 17 |         let mut transform = Transform::default();
[INFO] [stdout]    |                             ^^^^^^^^^ use of undeclared type `Transform`
[INFO] [stdout] 
[INFO] [stdout] 
[INFO] [stdout] error[E0433]: failed to resolve: use of undeclared type `Camera`
[INFO] [stdout]   --> src/state.rs:22:19
[INFO] [stdout]    |
[INFO] [stdout] 22 |             .with(Camera::standard_2d(SCREEN_WIDTH, SCREEN_HEIGHT))
[INFO] [stdout]    |                   ^^^^^^ use of undeclared type `Camera`
[INFO] [stdout] 
[INFO] [stdout] 
[INFO] [stdout] error[E0433]: failed to resolve: use of undeclared type `ImageFormat`
[INFO] [stdout]   --> src/state.rs:32:17
[INFO] [stdout]    |
[INFO] [stdout] 32 |                 ImageFormat::default(),
[INFO] [stdout]    |                 ^^^^^^^^^^^ use of undeclared type `ImageFormat`
[INFO] [stdout] 
[INFO] [stdout] 
[INFO] [stdout] error[E0433]: failed to resolve: use of undeclared type `SpriteRender`
[INFO] [stdout]   --> src/state.rs:49:29
[INFO] [stdout]    |
[INFO] [stdout] 49 |         let sprite_render = SpriteRender::new(sprite_sheet_handle, 0);
[INFO] [stdout]    |                             ^^^^^^^^^^^^ use of undeclared type `SpriteRender`
[INFO] [stdout] 
[INFO] [stdout] 
[INFO] [stdout] error[E0433]: failed to resolve: use of undeclared type `Transform`
[INFO] [stdout]   --> src/state.rs:50:29
[INFO] [stdout]    |
[INFO] [stdout] 50 |         let mut transform = Transform::default();
[INFO] [stdout]    |                             ^^^^^^^^^ use of undeclared type `Transform`
[INFO] [stdout] 
[INFO] [stdout] 
[INFO] [stdout] error[E0433]: failed to resolve: use of undeclared crate or module `amethyst`
[INFO] [stdout]   --> src/main.rs:30:5
[INFO] [stdout]    |
[INFO] [stdout] 30 |     amethyst::start_logger(Default::default());
[INFO] [stdout]    |     ^^^^^^^^ use of undeclared crate or module `amethyst`
[INFO] [stdout] 
[INFO] [stdout] 
[INFO] [stdout] error[E0433]: failed to resolve: use of undeclared type `GameDataBuilder`
[INFO] [stdout]   --> src/main.rs:36:21
[INFO] [stdout]    |
[INFO] [stdout] 36 |     let game_data = GameDataBuilder::default()
[INFO] [stdout]    |                     ^^^^^^^^^^^^^^^ use of undeclared type `GameDataBuilder`
[INFO] [stdout] 
[INFO] [stdout] 
[INFO] [stdout] error[E0433]: failed to resolve: use of undeclared type `RenderingBundle`
[INFO] [stdout]   --> src/main.rs:38:13
[INFO] [stdout]    |
[INFO] [stdout] 38 |             RenderingBundle::<DefaultBackend>::new()
[INFO] [stdout]    |             ^^^^^^^^^^^^^^^ use of undeclared type `RenderingBundle`
[INFO] [stdout] 
[INFO] [stdout] 
[INFO] [stdout] error[E0433]: failed to resolve: use of undeclared type `RenderToWindow`
[INFO] [stdout]   --> src/main.rs:40:21
[INFO] [stdout]    |
[INFO] [stdout] 40 |                     RenderToWindow::from_config_path(display_config_path)
[INFO] [stdout]    |                     ^^^^^^^^^^^^^^ use of undeclared type `RenderToWindow`
[INFO] [stdout] 
[INFO] [stdout] 
[INFO] [stdout] error[E0433]: failed to resolve: use of undeclared type `RenderFlat2D`
[INFO] [stdout]   --> src/main.rs:44:30
[INFO] [stdout]    |
[INFO] [stdout] 44 |                 .with_plugin(RenderFlat2D::default()),
[INFO] [stdout]    |                              ^^^^^^^^^^^^ use of undeclared type `RenderFlat2D`
[INFO] [stdout] 
[INFO] [stdout] 
[INFO] [stdout] error[E0433]: failed to resolve: use of undeclared type `TransformBundle`
[INFO] [stdout]   --> src/main.rs:47:22
[INFO] [stdout]    |
[INFO] [stdout] 47 |         .with_bundle(TransformBundle::new())
[INFO] [stdout]    |                      ^^^^^^^^^^^^^^^ use of undeclared type `TransformBundle`
[INFO] [stdout] 
[INFO] [stdout] 
[INFO] [stdout] error[E0433]: failed to resolve: use of undeclared type `InputBundle`
[INFO] [stdout]   --> src/main.rs:50:13
[INFO] [stdout]    |
[INFO] [stdout] 50 |             InputBundle::<StringBindings>::new()
[INFO] [stdout]    |             ^^^^^^^^^^^ use of undeclared type `InputBundle`
[INFO] [stdout] 
[INFO] [stdout] 
[INFO] [stdout] error[E0433]: failed to resolve: use of undeclared type `Application`
[INFO] [stdout]   --> src/main.rs:58:20
[INFO] [stdout]    |
[INFO] [stdout] 58 |     let mut game = Application::new(assets_dir, GameState::default(), game_data).unwrap();
[INFO] [stdout]    |                    ^^^^^^^^^^^ use of undeclared type `Application`
[INFO] [stdout] 
[INFO] [stdout] 
[INFO] [stdout] error[E0405]: cannot find trait `SimpleState` in this scope
[INFO] [stdout]   --> src/state.rs:13:6
[INFO] [stdout]    |
[INFO] [stdout] 13 | impl SimpleState for GameState {
[INFO] [stdout]    |      ^^^^^^^^^^^ not found in this scope
[INFO] [stdout] 
[INFO] [stdout] 
[INFO] [stdout] error[E0412]: cannot find type `StateData` in this scope
[INFO] [stdout]   --> src/state.rs:14:34
[INFO] [stdout]    |
[INFO] [stdout] 14 |     fn on_start(&mut self, data: StateData<'_, GameData<'_, '_>>) {
[INFO] [stdout]    |                                  ^^^^^^^^^ not found in this scope
[INFO] [stdout] 
[INFO] [stdout] 
[INFO] [stdout] error[E0412]: cannot find type `GameData` in this scope
[INFO] [stdout]   --> src/state.rs:14:48
[INFO] [stdout]    |
[INFO] [stdout] 14 |     fn on_start(&mut self, data: StateData<'_, GameData<'_, '_>>) {
[INFO] [stdout]    |                                                ^^^^^^^^ not found in this scope
[INFO] [stdout] 
[INFO] [stdout] 
[INFO] [stdout] error[E0412]: cannot find type `Loader` in this scope
[INFO] [stdout]   --> src/state.rs:28:48
[INFO] [stdout]    |
[INFO] [stdout] 13 | impl SimpleState for GameState {
[INFO] [stdout]    |     - help: you might be missing a type parameter: `<Loader>`
[INFO] [stdout] ...
[INFO] [stdout] 28 |             let loader = world.read_resource::<Loader>();
[INFO] [stdout]    |                                                ^^^^^^ not found in this scope
[INFO] [stdout] 
[INFO] [stdout] 
[INFO] [stdout] error[E0412]: cannot find type `AssetStorage` in this scope
[INFO] [stdout]   --> src/state.rs:29:57
[INFO] [stdout]    |
[INFO] [stdout] 29 |             let texture_storage = world.read_resource::<AssetStorage<Texture>>();
[INFO] [stdout]    |                                                         ^^^^^^^^^^^^ not found in this scope
[INFO] [stdout] 
[INFO] [stdout] 
[INFO] [stdout] error[E0412]: cannot find type `Texture` in this scope
[INFO] [stdout]   --> src/state.rs:29:70
[INFO] [stdout]    |
[INFO] [stdout] 13 | impl SimpleState for GameState {
[INFO] [stdout]    |     - help: you might be missing a type parameter: `<Texture>`
[INFO] [stdout] ...
[INFO] [stdout] 29 |             let texture_storage = world.read_resource::<AssetStorage<Texture>>();
[INFO] [stdout]    |                                                                      ^^^^^^^ not found in this scope
[INFO] [stdout] 
[INFO] [stdout] 
[INFO] [stdout] error[E0412]: cannot find type `Loader` in this scope
[INFO] [stdout]   --> src/state.rs:39:48
[INFO] [stdout]    |
[INFO] [stdout] 13 | impl SimpleState for GameState {
[INFO] [stdout]    |     - help: you might be missing a type parameter: `<Loader>`
[INFO] [stdout] ...
[INFO] [stdout] 39 |             let loader = world.read_resource::<Loader>();
[INFO] [stdout]    |                                                ^^^^^^ not found in this scope
[INFO] [stdout] 
[INFO] [stdout] 
[INFO] [stdout] error[E0412]: cannot find type `AssetStorage` in this scope
[INFO] [stdout]   --> src/state.rs:40:60
[INFO] [stdout]    |
[INFO] [stdout] 40 |             let sprite_sheet_store = world.read_resource::<AssetStorage<SpriteSheet>>();
[INFO] [stdout]    |                                                            ^^^^^^^^^^^^ not found in this scope
[INFO] [stdout] 
[INFO] [stdout] 
[INFO] [stdout] error[E0412]: cannot find type `SpriteSheet` in this scope
[INFO] [stdout]   --> src/state.rs:40:73
[INFO] [stdout]    |
[INFO] [stdout] 13 | impl SimpleState for GameState {
[INFO] [stdout]    |     - help: you might be missing a type parameter: `<SpriteSheet>`
[INFO] [stdout] ...
[INFO] [stdout] 40 |             let sprite_sheet_store = world.read_resource::<AssetStorage<SpriteSheet>>();
[INFO] [stdout]    |                                                                         ^^^^^^^^^^^ not found in this scope
[INFO] [stdout] 
[INFO] [stdout] 
[INFO] [stdout] error[E0425]: cannot find function, tuple struct or tuple variant `SpriteSheetFormat` in this scope
[INFO] [stdout]   --> src/state.rs:43:17
[INFO] [stdout]    |
[INFO] [stdout] 43 |                 SpriteSheetFormat(texture_handle),
[INFO] [stdout]    |                 ^^^^^^^^^^^^^^^^^ not found in this scope
[INFO] [stdout] 
[INFO] [stdout] 
[INFO] [stdout] error[E0405]: cannot find trait `Component` in this scope
[INFO] [stdout]  --> src/components/input.rs:8:6
[INFO] [stdout]   |
[INFO] [stdout] 8 | impl Component for Input {
[INFO] [stdout]   |      ^^^^^^^^^ not found in this scope
[INFO] [stdout] 
[INFO] [stdout] 
[INFO] [stdout] error[E0412]: cannot find type `VecStorage` in this scope
[INFO] [stdout]  --> src/components/input.rs:9:20
[INFO] [stdout]   |
[INFO] [stdout] 9 |     type Storage = VecStorage<Self>;
[INFO] [stdout]   |                    ^^^^^^^^^^ not found in this scope
[INFO] [stdout] 
[INFO] [stdout] 
[INFO] [stdout] error[E0405]: cannot find trait `Component` in this scope
[INFO] [stdout]  --> src/components/position.rs:8:6
[INFO] [stdout]   |
[INFO] [stdout] 8 | impl Component for Position {
[INFO] [stdout]   |      ^^^^^^^^^ not found in this scope
[INFO] [stdout] 
[INFO] [stdout] 
[INFO] [stdout] error[E0412]: cannot find type `VecStorage` in this scope
[INFO] [stdout]  --> src/components/position.rs:9:20
[INFO] [stdout]   |
[INFO] [stdout] 9 |     type Storage = VecStorage<Self>;
[INFO] [stdout]   |                    ^^^^^^^^^^ not found in this scope
[INFO] [stdout] 
[INFO] [stdout] 
[INFO] [stdout] error[E0405]: cannot find trait `Component` in this scope
[INFO] [stdout]  --> src/components/player.rs:5:6
[INFO] [stdout]   |
[INFO] [stdout] 5 | impl Component for Player {
[INFO] [stdout]   |      ^^^^^^^^^ not found in this scope
[INFO] [stdout] 
[INFO] [stdout] 
[INFO] [stdout] error[E0412]: cannot find type `NullStorage` in this scope
[INFO] [stdout]  --> src/components/player.rs:6:20
[INFO] [stdout]   |
[INFO] [stdout] 6 |     type Storage = NullStorage<Self>;
[INFO] [stdout]   |                    ^^^^^^^^^^^ not found in this scope
[INFO] [stdout] 
[INFO] [stdout] 
[INFO] [stdout] error[E0405]: cannot find trait `System` in this scope
[INFO] [stdout]  --> src/systems/moving.rs:8:10
[INFO] [stdout]   |
[INFO] [stdout] 8 | impl<'a> System<'a> for MovingSystem {
[INFO] [stdout]   |          ^^^^^^ not found in this scope
[INFO] [stdout] 
[INFO] [stdout] 
[INFO] [stdout] error[E0412]: cannot find type `WriteStorage` in this scope
[INFO] [stdout]   --> src/systems/moving.rs:10:9
[INFO] [stdout]    |
[INFO] [stdout] 10 |         WriteStorage<'a, Transform>,
[INFO] [stdout]    |         ^^^^^^^^^^^^ not found in this scope
[INFO] [stdout] 
[INFO] [stdout] 
[INFO] [stdout] error[E0412]: cannot find type `Transform` in this scope
[INFO] [stdout]   --> src/systems/moving.rs:10:26
[INFO] [stdout]    |
[INFO] [stdout] 8  | impl<'a> System<'a> for MovingSystem {
[INFO] [stdout]    |        - help: you might be missing a type parameter: `, Transform`
[INFO] [stdout] 9  |     type SystemData = (
[INFO] [stdout] 10 |         WriteStorage<'a, Transform>,
[INFO] [stdout]    |                          ^^^^^^^^^ not found in this scope
[INFO] [stdout] 
[INFO] [stdout] 
[INFO] [stdout] error[E0412]: cannot find type `ReadStorage` in this scope
[INFO] [stdout]   --> src/systems/moving.rs:11:9
[INFO] [stdout]    |
[INFO] [stdout] 11 |         ReadStorage<'a, Player>,
[INFO] [stdout]    |         ^^^^^^^^^^^ not found in this scope
[INFO] [stdout] 
[INFO] [stdout] 
[INFO] [stdout] error[E0412]: cannot find type `Read` in this scope
[INFO] [stdout]   --> src/systems/moving.rs:12:9
[INFO] [stdout]    |
[INFO] [stdout] 12 |         Read<'a, InputHandler<StringBindings>>,
[INFO] [stdout]    |         ^^^^ not found in this scope
[INFO] [stdout]    |
[INFO] [stdout] help: consider importing this trait
[INFO] [stdout]    |
[INFO] [stdout] 1  | use std::io::Read;
[INFO] [stdout]    |
[INFO] [stdout] 
[INFO] [stdout] 
[INFO] [stdout] error[E0412]: cannot find type `InputHandler` in this scope
[INFO] [stdout]   --> src/systems/moving.rs:12:18
[INFO] [stdout]    |
[INFO] [stdout] 12 |         Read<'a, InputHandler<StringBindings>>,
[INFO] [stdout]    |                  ^^^^^^^^^^^^ not found in this scope
[INFO] [stdout] 
[INFO] [stdout] 
[INFO] [stdout] error[E0412]: cannot find type `StringBindings` in this scope
[INFO] [stdout]   --> src/systems/moving.rs:12:31
[INFO] [stdout]    |
[INFO] [stdout] 8  | impl<'a> System<'a> for MovingSystem {
[INFO] [stdout]    |        - help: you might be missing a type parameter: `, StringBindings`
[INFO] [stdout] ...
[INFO] [stdout] 12 |         Read<'a, InputHandler<StringBindings>>,
[INFO] [stdout]    |                               ^^^^^^^^^^^^^^ not found in this scope
[INFO] [stdout] 
[INFO] [stdout] 
[INFO] [stdout] error[E0412]: cannot find type `Read` in this scope
[INFO] [stdout]   --> src/systems/moving.rs:13:9
[INFO] [stdout]    |
[INFO] [stdout] 13 |         Read<'a, Time>,
[INFO] [stdout]    |         ^^^^ not found in this scope
[INFO] [stdout]    |
[INFO] [stdout] help: consider importing this trait
[INFO] [stdout]    |
[INFO] [stdout] 1  | use std::io::Read;
[INFO] [stdout]    |
[INFO] [stdout] 
[INFO] [stdout] 
[INFO] [stdout] error[E0412]: cannot find type `Time` in this scope
[INFO] [stdout]   --> src/systems/moving.rs:13:18
[INFO] [stdout]    |
[INFO] [stdout] 8  | impl<'a> System<'a> for MovingSystem {
[INFO] [stdout]    |        - help: you might be missing a type parameter: `, Time`
[INFO] [stdout] ...
[INFO] [stdout] 13 |         Read<'a, Time>,
[INFO] [stdout]    |                  ^^^^ not found in this scope
[INFO] [stdout] 
[INFO] [stdout] 
[INFO] [stdout] error[E0425]: cannot find function `application_root_dir` in this scope
[INFO] [stdout]   --> src/main.rs:32:20
[INFO] [stdout]    |
[INFO] [stdout] 32 |     let app_root = application_root_dir().unwrap();
[INFO] [stdout]    |                    ^^^^^^^^^^^^^^^^^^^^ not found in this scope
[INFO] [stdout] 
[INFO] [stdout] 
[INFO] [stdout] error[E0412]: cannot find type `DefaultBackend` in this scope
[INFO] [stdout]   --> src/main.rs:38:31
[INFO] [stdout]    |
[INFO] [stdout] 38 |             RenderingBundle::<DefaultBackend>::new()
[INFO] [stdout]    |                               ^^^^^^^^^^^^^^ not found in this scope
[INFO] [stdout] 
[INFO] [stdout] 
[INFO] [stdout] error[E0412]: cannot find type `StringBindings` in this scope
[INFO] [stdout]   --> src/main.rs:50:27
[INFO] [stdout]    |
[INFO] [stdout] 50 |             InputBundle::<StringBindings>::new()
[INFO] [stdout]    |                           ^^^^^^^^^^^^^^ not found in this scope
[INFO] [stdout] 
[INFO] [stdout] 
[INFO] [stdout] error: aborting due to 51 previous errors
[INFO] [stdout] 
[INFO] [stdout] 
[INFO] [stdout] Some errors have detailed explanations: E0405, E0412, E0425, E0432, E0433.
[INFO] [stdout] 
[INFO] [stdout] For more information about an error, try `rustc --explain E0405`.
[INFO] [stdout] 
[INFO] [stderr] error: could not compile `roguelike-specs`
[INFO] [stderr] 
[INFO] [stderr] To learn more, run the command again with --verbose.
[INFO] running `Command { std: "docker" "inspect" "e337f4b46325d91181cc8407ca39cf817272be347b7161754c14627950b786ea", kill_on_drop: false }`
[INFO] running `Command { std: "docker" "rm" "-f" "e337f4b46325d91181cc8407ca39cf817272be347b7161754c14627950b786ea", kill_on_drop: false }`
[INFO] [stdout] e337f4b46325d91181cc8407ca39cf817272be347b7161754c14627950b786ea
